{"id":1343,"date":"2017-05-26T16:09:25","date_gmt":"2017-05-26T16:09:25","guid":{"rendered":"http:\/\/danielaunger.com\/autor\/?page_id=1343"},"modified":"2020-09-20T14:17:35","modified_gmt":"2020-09-20T14:17:35","slug":"pinchazos-del-falso-yo","status":"publish","type":"page","link":"http:\/\/danielaunger.com\/autor\/pinchazos-del-falso-yo\/","title":{"rendered":"Pinchazos del falso yo"},"content":{"rendered":"<p>&nbsp;<\/p>\n<style type='text\/css'>\n\t\t\t#gallery-1 .gallery-item {\n\t\t\t\tfloat: left;\n\t\t\t\tmargin-top: 10px;\n\t\t\t\ttext-align: center;\n\t\t\t\twidth: 33%;\n\t\t\t}\n\t\t<\/style>\n<p>\t\t<!-- see apollo13_shortcode_gallery() in wp-content\/themes\/spaceship\/advance\/shortcodes\/gallery.php --><\/p>\n<div id='gallery-1' class='clearfix gallery galleryid-1343 gallery-columns-3 gallery-size-thumbnail'><span class='gallery-item'><a href=\"http:\/\/danielaunger.com\/autor\/wp-content\/uploads\/2017\/05\/01t-1024x678.jpg\" class=\"alpha-scope\" rel=\"lightbox[gallery-1]\" title=\"\" style=\"width: 150px; height: 150px;\"><img loading=\"lazy\" decoding=\"async\" width=\"150\" height=\"150\" src=\"http:\/\/danielaunger.com\/autor\/wp-content\/uploads\/2017\/05\/01t-150x150.jpg\" class=\"attachment-thumbnail size-thumbnail\" alt=\"\" srcset=\"http:\/\/danielaunger.com\/autor\/wp-content\/uploads\/2017\/05\/01t-150x150.jpg 150w, http:\/\/danielaunger.com\/autor\/wp-content\/uploads\/2017\/05\/01t-77x77.jpg 77w, http:\/\/danielaunger.com\/autor\/wp-content\/uploads\/2017\/05\/01t-65x65.jpg 65w\" sizes=\"auto, (max-width: 150px) 100vw, 150px\" \/><\/a><\/span><span class='gallery-item'><a href=\"http:\/\/danielaunger.com\/autor\/wp-content\/uploads\/2017\/05\/02t-1024x678.jpg\" class=\"alpha-scope\" rel=\"lightbox[gallery-1]\" title=\"\" style=\"width: 150px; height: 150px;\"><img loading=\"lazy\" decoding=\"async\" width=\"150\" height=\"150\" src=\"http:\/\/danielaunger.com\/autor\/wp-content\/uploads\/2017\/05\/02t-150x150.jpg\" class=\"attachment-thumbnail size-thumbnail\" alt=\"\" srcset=\"http:\/\/danielaunger.com\/autor\/wp-content\/uploads\/2017\/05\/02t-150x150.jpg 150w, http:\/\/danielaunger.com\/autor\/wp-content\/uploads\/2017\/05\/02t-77x77.jpg 77w, http:\/\/danielaunger.com\/autor\/wp-content\/uploads\/2017\/05\/02t-65x65.jpg 65w\" sizes=\"auto, (max-width: 150px) 100vw, 150px\" \/><\/a><\/span><span class='gallery-item'><a href=\"http:\/\/danielaunger.com\/autor\/wp-content\/uploads\/2017\/05\/03t-1024x678.jpg\" class=\"alpha-scope\" rel=\"lightbox[gallery-1]\" title=\"\" style=\"width: 150px; height: 150px;\"><img loading=\"lazy\" decoding=\"async\" width=\"150\" height=\"150\" src=\"http:\/\/danielaunger.com\/autor\/wp-content\/uploads\/2017\/05\/03t-150x150.jpg\" class=\"attachment-thumbnail size-thumbnail\" alt=\"\" srcset=\"http:\/\/danielaunger.com\/autor\/wp-content\/uploads\/2017\/05\/03t-150x150.jpg 150w, http:\/\/danielaunger.com\/autor\/wp-content\/uploads\/2017\/05\/03t-77x77.jpg 77w, http:\/\/danielaunger.com\/autor\/wp-content\/uploads\/2017\/05\/03t-65x65.jpg 65w\" sizes=\"auto, (max-width: 150px) 100vw, 150px\" \/><\/a><\/span><br style=\"clear: both\" \/><span class='gallery-item'><a href=\"http:\/\/danielaunger.com\/autor\/wp-content\/uploads\/2017\/05\/04t-1024x768.jpg\" class=\"alpha-scope\" rel=\"lightbox[gallery-1]\" title=\"\" style=\"width: 150px; height: 150px;\"><img loading=\"lazy\" decoding=\"async\" width=\"150\" height=\"150\" src=\"http:\/\/danielaunger.com\/autor\/wp-content\/uploads\/2017\/05\/04t-150x150.jpg\" class=\"attachment-thumbnail size-thumbnail\" alt=\"\" srcset=\"http:\/\/danielaunger.com\/autor\/wp-content\/uploads\/2017\/05\/04t-150x150.jpg 150w, http:\/\/danielaunger.com\/autor\/wp-content\/uploads\/2017\/05\/04t-77x77.jpg 77w, http:\/\/danielaunger.com\/autor\/wp-content\/uploads\/2017\/05\/04t-65x65.jpg 65w\" sizes=\"auto, (max-width: 150px) 100vw, 150px\" \/><\/a><\/span><span class='gallery-item'><a href=\"http:\/\/danielaunger.com\/autor\/wp-content\/uploads\/2017\/05\/05t-1024x678.jpg\" class=\"alpha-scope\" rel=\"lightbox[gallery-1]\" title=\"\" style=\"width: 150px; height: 150px;\"><img loading=\"lazy\" decoding=\"async\" width=\"150\" height=\"150\" src=\"http:\/\/danielaunger.com\/autor\/wp-content\/uploads\/2017\/05\/05t-150x150.jpg\" class=\"attachment-thumbnail size-thumbnail\" alt=\"\" srcset=\"http:\/\/danielaunger.com\/autor\/wp-content\/uploads\/2017\/05\/05t-150x150.jpg 150w, http:\/\/danielaunger.com\/autor\/wp-content\/uploads\/2017\/05\/05t-77x77.jpg 77w, http:\/\/danielaunger.com\/autor\/wp-content\/uploads\/2017\/05\/05t-65x65.jpg 65w\" sizes=\"auto, (max-width: 150px) 100vw, 150px\" \/><\/a><\/span><span class='gallery-item'><a href=\"http:\/\/danielaunger.com\/autor\/wp-content\/uploads\/2017\/05\/06t-1024x678.jpg\" class=\"alpha-scope\" rel=\"lightbox[gallery-1]\" title=\"\" style=\"width: 150px; height: 150px;\"><img loading=\"lazy\" decoding=\"async\" width=\"150\" height=\"150\" src=\"http:\/\/danielaunger.com\/autor\/wp-content\/uploads\/2017\/05\/06t-150x150.jpg\" class=\"attachment-thumbnail size-thumbnail\" alt=\"\" srcset=\"http:\/\/danielaunger.com\/autor\/wp-content\/uploads\/2017\/05\/06t-150x150.jpg 150w, http:\/\/danielaunger.com\/autor\/wp-content\/uploads\/2017\/05\/06t-77x77.jpg 77w, http:\/\/danielaunger.com\/autor\/wp-content\/uploads\/2017\/05\/06t-65x65.jpg 65w\" sizes=\"auto, (max-width: 150px) 100vw, 150px\" \/><\/a><\/span><br style=\"clear: both\" \/><span class='gallery-item'><a href=\"http:\/\/danielaunger.com\/autor\/wp-content\/uploads\/2017\/05\/07t-1024x678.jpg\" class=\"alpha-scope\" rel=\"lightbox[gallery-1]\" title=\"\" style=\"width: 150px; height: 150px;\"><img loading=\"lazy\" decoding=\"async\" width=\"150\" height=\"150\" src=\"http:\/\/danielaunger.com\/autor\/wp-content\/uploads\/2017\/05\/07t-150x150.jpg\" class=\"attachment-thumbnail size-thumbnail\" alt=\"\" srcset=\"http:\/\/danielaunger.com\/autor\/wp-content\/uploads\/2017\/05\/07t-150x150.jpg 150w, http:\/\/danielaunger.com\/autor\/wp-content\/uploads\/2017\/05\/07t-77x77.jpg 77w, http:\/\/danielaunger.com\/autor\/wp-content\/uploads\/2017\/05\/07t-65x65.jpg 65w\" sizes=\"auto, (max-width: 150px) 100vw, 150px\" \/><\/a><\/span><span class='gallery-item'><a href=\"http:\/\/danielaunger.com\/autor\/wp-content\/uploads\/2017\/05\/09t-1024x678.jpg\" class=\"alpha-scope\" rel=\"lightbox[gallery-1]\" title=\"\" style=\"width: 150px; height: 150px;\"><img loading=\"lazy\" decoding=\"async\" width=\"150\" height=\"150\" src=\"http:\/\/danielaunger.com\/autor\/wp-content\/uploads\/2017\/05\/09t-150x150.jpg\" class=\"attachment-thumbnail size-thumbnail\" alt=\"\" srcset=\"http:\/\/danielaunger.com\/autor\/wp-content\/uploads\/2017\/05\/09t-150x150.jpg 150w, http:\/\/danielaunger.com\/autor\/wp-content\/uploads\/2017\/05\/09t-77x77.jpg 77w, http:\/\/danielaunger.com\/autor\/wp-content\/uploads\/2017\/05\/09t-65x65.jpg 65w\" sizes=\"auto, (max-width: 150px) 100vw, 150px\" \/><\/a><\/span><span class='gallery-item'><a href=\"http:\/\/danielaunger.com\/autor\/wp-content\/uploads\/2017\/05\/010t-1024x678.jpg\" class=\"alpha-scope\" rel=\"lightbox[gallery-1]\" title=\"\" style=\"width: 150px; height: 150px;\"><img loading=\"lazy\" decoding=\"async\" width=\"150\" height=\"150\" src=\"http:\/\/danielaunger.com\/autor\/wp-content\/uploads\/2017\/05\/010t-150x150.jpg\" class=\"attachment-thumbnail size-thumbnail\" alt=\"\" srcset=\"http:\/\/danielaunger.com\/autor\/wp-content\/uploads\/2017\/05\/010t-150x150.jpg 150w, http:\/\/danielaunger.com\/autor\/wp-content\/uploads\/2017\/05\/010t-77x77.jpg 77w, http:\/\/danielaunger.com\/autor\/wp-content\/uploads\/2017\/05\/010t-65x65.jpg 65w\" sizes=\"auto, (max-width: 150px) 100vw, 150px\" \/><\/a><\/span><br style=\"clear: both\" \/><\/div>\n<p>&nbsp;<\/p>\n<p>&nbsp;<\/p>\n<p style=\"text-align: right;\">&#8220;una necesidad insatisfecha e inconsciente -porque rechazada- se ver\u00e1 sometida, mientras no conozca la historia reprimida de su propia vida, a una compulsi\u00f3n que intenta satisfacer esta necesidad recurriendo a v\u00edas sustitutas&#8230;&#8221;<\/p>\n<p style=\"text-align: right;\">Alice Miller<\/p>\n","protected":false},"excerpt":{"rendered":"<p>&nbsp; &nbsp; &nbsp; &#8220;una necesidad insatisfecha e inconsciente -porque rechazada- se ver\u00e1 sometida, mientras no conozca la historia reprimida de su propia vida, a una compulsi\u00f3n que intenta satisfacer esta <a class=\"more-tag\" href=\"http:\/\/danielaunger.com\/autor\/pinchazos-del-falso-yo\/\">Read more&hellip;<\/a><\/p>\n","protected":false},"author":2,"featured_media":0,"parent":0,"menu_order":0,"comment_status":"closed","ping_status":"closed","template":"","meta":{"footnotes":""},"class_list":["post-1343","page","type-page","status-publish","hentry"],"_links":{"self":[{"href":"http:\/\/danielaunger.com\/autor\/wp-json\/wp\/v2\/pages\/1343","targetHints":{"allow":["GET"]}}],"collection":[{"href":"http:\/\/danielaunger.com\/autor\/wp-json\/wp\/v2\/pages"}],"about":[{"href":"http:\/\/danielaunger.com\/autor\/wp-json\/wp\/v2\/types\/page"}],"author":[{"embeddable":true,"href":"http:\/\/danielaunger.com\/autor\/wp-json\/wp\/v2\/users\/2"}],"replies":[{"embeddable":true,"href":"http:\/\/danielaunger.com\/autor\/wp-json\/wp\/v2\/comments?post=1343"}],"version-history":[{"count":6,"href":"http:\/\/danielaunger.com\/autor\/wp-json\/wp\/v2\/pages\/1343\/revisions"}],"predecessor-version":[{"id":1609,"href":"http:\/\/danielaunger.com\/autor\/wp-json\/wp\/v2\/pages\/1343\/revisions\/1609"}],"wp:attachment":[{"href":"http:\/\/danielaunger.com\/autor\/wp-json\/wp\/v2\/media?parent=1343"}],"curies":[{"name":"wp","href":"https:\/\/api.w.org\/{rel}","templated":true}]}}